eatest common factor of d and 486.
18
Suppose 0 = -6*u + 424 - 1888. Let c = 316 + u. Let q be 2/4 - 142/(-4). What is the highest common factor of c and q?
36
Let f = 6838 + -5806. What is the greatest common factor of f and 6966?
258
Suppose 7*c - 7 = 3*c - s, 3*s = c - 18. Suppose -2*r + 977 = 3*w, -2917 + 948 = -4*r - c*w. Calculate the highest common factor of 16 and r.
16
Let i(s) = -s**2 - 140*s - 3467. Let r be i(-33). What is the greatest common divisor of r and 8720?
16
Let v = -19376 + 19379. What is the highest common divisor of 8364 and v?
3
Suppose 3*i = -h + 235, 6*i + 215 = 9*i - 4*h. Suppose -5*z + i = -5*u - 478, 0 = 5*z - 3*u - 553. Calculate the greatest common divisor of z and 5.
5
Let t(g) = -21*g + 220. Let u be t(10). Let l(v) = -v**3 + 14*v**2 + 12*v - 34. Let p be l(u). Calculate the greatest common factor of 36 and p.
18
Let h be (-2898)/(-10) + ((-11)/(-5) - 2). Calculate the highest common divisor of 30 and h.
10
Let n be ((-46)/(-69))/(4/38568). What is the greatest common divisor of 4 and n?
4
Let r(h) = -4*h - 6. Let j be r(21). Let a be (54/(-45))/3*j. Suppose 2*k - 3*k + 288 = 0. What is the greatest common factor of a and k?
36
Let v(y) = 164*y + 1694. Let u be v(-10). What is the highest common factor of 16038 and u?
54
Let g be (-54)/4*(7918/333 - 26). Let y(p) = -7*p + 2*p + 0 + 10*p**2 - 5*p**2 + 5. Let f be y(5). Calculate the highest common divisor of f and g.
15
Let n = -625 - -634. Suppose n*p - 1092 = -17*p. What is the greatest common factor of p and 28?
14
Let r = 2448 + -2392. Let b(j) = -2*j - 1. Let k be b(5). Let a = k + 25. Calculate the highest common factor of r and a.
14
Let m be (-1260)/100 + -13 + 2/(-5). Let c(y) = 2*y**2 - 7*y + 7. Let w be c(7). Let g = w + m. Calculate the highest common factor of 24 and g.
6
Let n be ((14720/(-69))/20)/(2/(-561)). What is the highest common divisor of 352 and n?
176
Let l be 69 + 9 - (-3)/(-18)*0. Calculate the highest common divisor of l and 5330.
26
Let r be -46*((-14)/(-4) - (-2 + 5)). Let x = r + 36. Suppose 0 = 2*k - 11 - 15. What is the greatest common divisor of k and x?
13
Suppose -5*v = -2*w + 30 - 7, w - v - 10 = 0. Suppose 7*f - w*f = -90. Calculate the greatest common divisor of f and 30.
15
Suppose 0 = -c - u + 924, 70*u - 69*u = -3*c + 2796. Let l(m) = 5*m**2 - 2*m - 3. Let g be l(3). Calculate the greatest common divisor of g and c.
36
Let r be -132*(-36)/48 + 19. Calculate the highest common divisor of 28674 and r.
118
Suppose -3*k + 17 = 2. Suppose -10 = -r + k*o, o = 2*r - 3*r - 2. Let z be r - (1 + -71)*1. What is the greatest common divisor of 14 and z?
14
Suppose 4*b + 17 = i, b - 1 = -0*b. Suppose 2*f + 3*c - i = -f, 2*c - 30 = -4*f. Let d be -14 + 527/17 + 3. What is the greatest common factor of d and f?
4
Suppose 2*i + 139 - 2919 = 0. Calculate the highest common factor of 20 and i.
10
Let d = -2 + 7. Suppose m = -4*c + 15 + 84, -c + d*m = -30. Let r be (31/(2976/(-60)))/((-1)/40). What is the highest common divisor of c and r?
25
Suppose -41*u = -2*u - 234. Suppose 956 + 1024 = u*j. What is the greatest common factor of j and 30?
30
Suppose -5*a + n - 5*n = -222, -a = -5*n - 27. Let r(m) = 606*m + 330. Let y be r(-4). Let v = 2108 + y. What is the highest common divisor of v and a?
14
Let d(u) = 511*u - 562. Let f be d(6). Calculate the highest common factor of f and 32.
8
Suppose -151*m = -150*m - 2*d - 23, 2*m + 4*d + 10 = 0. Let c(b) = 21*b - 3*b + 11 + 30. Let i be c(m). What is the highest common factor of 29 and i?
29
Suppose -9*h - 81 = 9. Let m be ((-1)/(-2))/(h/(-1740)). What is the greatest common divisor of 261 and m?
87
Let c = 4641 - 4377. Calculate the highest common factor of 4092 and c.
132
Let h(k) = -178*k**3 - 1. Let r be h(-1). What is the greatest common factor of r and 21?
3
Let x(o) = -4*o**2 + 221*o - 1074. Let y be x(6). Let h(d) = d**3 + 2*d**2 + 3*d - 1. Let k be h(5). What is the highest common factor of y and k?
27
Let l = 39 - 34. Suppose 2*h - l = -a, -3*a + h = 3 + 10. Let q be (-129)/a - 18/(-9). Calculate the highest common divisor of q and 30.
15
Suppose 0 = 6*z - 11930 - 2254. What is the highest common factor of z and 36?
12
Let f = -59 - -61. Suppose -5*d - 10 = -3*d, -f*i = -2*d - 420. What is the greatest common divisor of i and 5?
5
Let t = 628 + -598. Suppose -5*o + 2*f + 0*f = -365, -3*o = 2*f - 235. What is the highest common factor of o and t?
15
Let n = -434 - -443. Suppose -4*d - n = 2*z - 265, -d = z - 65. What is the highest common factor of d and 99?
9
Suppose -376 = -19*d + 365. Calculate the greatest common factor of d and 48.
3
Let a(h) = 52*h - 438. Let y be a(30). Calculate the highest common factor of 66 and y.
66
Let a be 9*(-4)/30*351225/(-189). What is the greatest common divisor of 30 and a?
10
Suppose t - 5 = 7. Suppose -3*w - t = -6*w. Calculate the highest common factor of w and 26.
2
Let u(j) = -18*j**3 + 6*j**2 - j - 33. Let y be u(-3). Calculate the highest common factor of y and 480.
30
Let b = -39568 + 39605. Let a(i) = 186*i - 1. Let d be a(1). Calculate the highest common factor of d and b.
37
Suppose 0 = 3*g - 5*n - 7, n + 32 = 8*g - 4*g. Suppose -86 = g*y - 365. Calculate the greatest common factor of y and 279.
31
Let q(l) = -l**2 - l + 1. Let x be (15 - 16)*(0 + -1). Let n be 3*(0 - x) - -3. Let d be q(n). Calculate the greatest common factor of d and 8.
1
Suppose -3*s = -4*m - 60180 - 9320, 0 = 3*s + 2*m - 69506. What is the greatest common divisor of s and 128?
128
Suppose 2 = -4*o + 2. Let x be -4 + 5 - (-27 + o)/3. What is the highest common factor of 90 and x?
10
Let d(g) = g**3 + 25*g**2 - 55*g - 27. Let r be d(-27). Suppose r*s - s = -5*k - 53, 257 = 4*s - 5*k. What is the highest common divisor of 119 and s?
17
Suppose 5*f + 337 = -2*q + 418, 12 = -4*f. What is the highest common divisor of 8688 and q?
48
Suppose 2*f - 51 = 237. Let j be (-8 - -7)/(1/4). Let x = 14 - j. Calculate the highest common divisor of f and x.
18
Let c(l) = -6*l - 144. Let r be c(-24). Suppose 8*p + 189 - 317 = r. What is the highest common factor of p and 40?
8
Suppose -16*v + 12*v = 2*g - 296, 0 = 2*g - 3*v - 324. Calculate the greatest common divisor of 1950 and g.
78
Suppose 48*o = 45*o - 3. Let h(r) = 724*r**2 + 3*r + 4. Let n be h(o). Calculate the highest common divisor of n and 29.
29
Let p = -44269 + 66742. Calculate the greatest common divisor of p and 99.
99
Suppose -5*z - 4*f + 204 = 0, -13*z - 2*f = -8*z - 202. Calculate the greatest common divisor of 20 and z.
20
Suppose 2 = 3*d - 2*a, -119*d + 2*a - 30 = -124*d. Calculate the greatest common divisor of 662 and d.
2
Let d = 111 - 57. Let m = 97 + d. Suppose -2*a + 150 = 5*h, 5*h - m + 26 = 3*a. Calculate the highest common divisor of h and 224.
28
Let u = 587 + -343. Suppose u + 191 = 3*m. Suppose 464 = 6*r + 10*r. Calculate the greatest common divisor of r and m.
29
Let c = 4476 - 4273. Calculate the highest common factor of 91 and c.
7
Let j = 240 + -231. Let d be (-30)/(-135) + 205/j. Calculate the greatest common divisor of d and 529.
23
Let m = 75 + -55. Suppose -16*c = -m*c - 436. Let y = c - -112. What is the greatest common factor of 24 and y?
3
Let d be (-2)/(((-12)/3)/(-2)) + 73. Calculate the greatest common factor of 657 and d.
9
Let i(w) = 23*w**2 + 111*w + 101. Let b be i(-1). Suppose 0 = -s - 0*s + 2*k + 140, 5*k - 625 = -5*s. What is the greatest common factor of b and s?
13
Let i(k) = 15*k**2 - 18*k - 20. Let q be i(-1). Calculate the greatest common divisor of 871 and q.
13
Suppose 7*t - 570 + 108 = 0. Suppose 0*i = 4*i + 5*w - t, 4*w = 2*i - 20. Suppose i - 159 = -5*b. Calculate the greatest common factor of 319 and b.
29
Let u be 571 - ((50/(-4))/(-5))/((-6)/12). Calculate the greatest common factor of u and 63.
9
Let i(p) = 127*p + 13. Let u be i(3). Suppose w + 4*w + 296 = 2*b, 3*b = -5*w + u. Calculate the greatest common divisor of b and 345.
69
Suppose -4*o + 88 = -3*d + 6*d, 3*d + 3*o = 84. Let g = -25 + d. Let m be (29 + g)/(-2)*81/(-6). Calculate the highest common divisor of m and 27.
27
Suppose 67*b + 349 = 86*b - 221. Let m be (-1 - 0)/(1/(-20)). Calculate the highest common divisor of b and m.
10
Suppose -30 = 14*i - 422. Let x = -128 + 66. Let v = x + 132. Calculate th